{"id":21869,"date":"2025-02-25T19:34:53","date_gmt":"2025-02-25T19:34:53","guid":{"rendered":"https:\/\/kensoh-store.com\/?post_type=product&#038;p=21869"},"modified":"2025-02-25T19:34:53","modified_gmt":"2025-02-25T19:34:53","slug":"canape-rouge-relaxant","status":"publish","type":"product","link":"https:\/\/kensoh-store.com\/index.php\/product\/canape-rouge-relaxant\/","title":{"rendered":"Canap\u00e9 Rouge, relaxant"},"content":{"rendered":"<p>Canap\u00e9 Rouge de 6 Places , hyper Relaxant.Disponible en allemagne. D\u00e9part pour le Cameroun Mars 2025!<\/p>\n","protected":false},"excerpt":{"rendered":"<p>Canap\u00e9 Rouge de 6 Places , hyper Relaxant.Disponible en allemagne. D\u00e9part pour le Cameroun Mars 2025!<\/p>\n","protected":false},"featured_media":21847,"template":"","meta":{"_joinchat":[]},"product_cat":[227],"product_tag":[],"_links":{"self":[{"href":"https:\/\/kensoh-store.com\/index.php\/wp-json\/wp\/v2\/product\/21869"}],"collection":[{"href":"https:\/\/kensoh-store.com\/index.php\/wp-json\/wp\/v2\/product"}],"about":[{"href":"https:\/\/kensoh-store.com\/index.php\/wp-json\/wp\/v2\/types\/product"}],"wp:featuredmedia":[{"embeddable":true,"href":"https:\/\/kensoh-store.com\/index.php\/wp-json\/wp\/v2\/media\/21847"}],"wp:attachment":[{"href":"https:\/\/kensoh-store.com\/index.php\/wp-json\/wp\/v2\/media?parent=21869"}],"wp:term":[{"taxonomy":"product_cat","embeddable":true,"href":"https:\/\/kensoh-store.com\/index.php\/wp-json\/wp\/v2\/product_cat?post=21869"},{"taxonomy":"product_tag","embeddable":true,"href":"https:\/\/kensoh-store.com\/index.php\/wp-json\/wp\/v2\/product_tag?post=21869"}],"curies":[{"name":"wp","href":"https:\/\/api.w.org\/{rel}","templated":true}]}}