{"id":21868,"date":"2025-02-25T19:27:48","date_gmt":"2025-02-25T19:27:48","guid":{"rendered":"https:\/\/kensoh-store.com\/?post_type=product&#038;p=21868"},"modified":"2025-02-25T19:38:01","modified_gmt":"2025-02-25T19:38:01","slug":"canape-anglais-vrai-cuir-en-top-etat","status":"publish","type":"product","link":"https:\/\/kensoh-store.com\/index.php\/product\/canape-anglais-vrai-cuir-en-top-etat\/","title":{"rendered":"Canap\u00e9 Anglais, Vrai cuir , en top \u00e9tat"},"content":{"rendered":"<p>Canap\u00e9 Disponible en Allemagne. D\u00e9part Mars 2025 par Bateau pour le Cameroun!<\/p>\n","protected":false},"excerpt":{"rendered":"<p>Canap\u00e9 Disponible en Allemagne. D\u00e9part Mars 2025 par Bateau pour le Cameroun!<\/p>\n","protected":false},"featured_media":21849,"template":"","meta":{"_joinchat":[]},"product_cat":[227],"product_tag":[],"_links":{"self":[{"href":"https:\/\/kensoh-store.com\/index.php\/wp-json\/wp\/v2\/product\/21868"}],"collection":[{"href":"https:\/\/kensoh-store.com\/index.php\/wp-json\/wp\/v2\/product"}],"about":[{"href":"https:\/\/kensoh-store.com\/index.php\/wp-json\/wp\/v2\/types\/product"}],"wp:featuredmedia":[{"embeddable":true,"href":"https:\/\/kensoh-store.com\/index.php\/wp-json\/wp\/v2\/media\/21849"}],"wp:attachment":[{"href":"https:\/\/kensoh-store.com\/index.php\/wp-json\/wp\/v2\/media?parent=21868"}],"wp:term":[{"taxonomy":"product_cat","embeddable":true,"href":"https:\/\/kensoh-store.com\/index.php\/wp-json\/wp\/v2\/product_cat?post=21868"},{"taxonomy":"product_tag","embeddable":true,"href":"https:\/\/kensoh-store.com\/index.php\/wp-json\/wp\/v2\/product_tag?post=21868"}],"curies":[{"name":"wp","href":"https:\/\/api.w.org\/{rel}","templated":true}]}}