{"id":21487,"date":"2024-09-13T09:26:33","date_gmt":"2024-09-13T09:26:33","guid":{"rendered":"https:\/\/kensoh-store.com\/?page_id=21487"},"modified":"2024-09-13T09:30:19","modified_gmt":"2024-09-13T09:30:19","slug":"about-us-v1","status":"publish","type":"page","link":"https:\/\/kensoh-store.com\/index.php\/about-us-v1\/","title":{"rendered":"About Us"},"content":{"rendered":"\t\t<div data-elementor-type=\"wp-page\" data-elementor-id=\"21487\" class=\"elementor elementor-21487\">\n\t\t\t\t\t\t<section class=\"elementor-section elementor-top-section elementor-element elementor-element-3c70f15b elementor-section-stretched elementor-section-height-min-height elementor-section-boxed elementor-section-height-default elementor-section-items-middle motta-responsive-column motta-tablet-column--default motta-responsive-column motta-mobile-column--default\" data-id=\"3c70f15b\" data-element_type=\"section\" data-settings=\"{&quot;stretch_section&quot;:&quot;section-stretched&quot;,&quot;background_background&quot;:&quot;classic&quot;}\">\n\t\t\t\t\t\t\t<div class=\"elementor-background-overlay\"><\/div>\n\t\t\t\t\t\t\t<div class=\"elementor-container elementor-column-gap-default\">\n\t\t\t\t\t<div class=\"elementor-column elementor-col-100 elementor-top-column elementor-element elementor-element-50f1962c\" data-id=\"50f1962c\" data-element_type=\"column\">\n\t\t\t<div class=\"elementor-widget-wrap elementor-element-populated\">\n\t\t\t\t\t\t<div class=\"elementor-element elementor-element-2c4e185b elementor-widget elementor-widget-motta-heading\" data-id=\"2c4e185b\" data-element_type=\"widget\" data-widget_type=\"motta-heading.default\">\n\t\t\t\t<div class=\"elementor-widget-container\">\n\t\t\t\t\t<div class=\"motta-heading-elementor motta-heading__button-on\">\r\n\t\t\t\t<div class=\"motta-heading motta-heading--default\">\r\n\t\t\t\t\tKensoh, votre partenaire s\u00fbr<br class=\"hidden-xs\" \/>\nen transport et logistique\t\t\t\t<\/div>\r\n\t\t\t\t\t\t\t<\/div>\r\n\t\t\t\t<\/div>\n\t\t\t\t<\/div>\n\t\t\t\t\t<\/div>\n\t\t<\/div>\n\t\t\t\t\t<\/div>\n\t\t<\/section>\n\t\t\t\t<section class=\"elementor-section elementor-top-section elementor-element elementor-element-6eb23444 elementor-section-height-min-height elementor-section-stretched elementor-section-boxed elementor-section-height-default elementor-section-items-middle motta-responsive-column motta-tablet-column--default motta-responsive-column motta-mobile-column--default\" data-id=\"6eb23444\" data-element_type=\"section\" data-settings=\"{&quot;stretch_section&quot;:&quot;section-stretched&quot;,&quot;background_background&quot;:&quot;classic&quot;}\">\n\t\t\t\t\t\t<div class=\"elementor-container elementor-column-gap-default\">\n\t\t\t\t\t<div class=\"elementor-column elementor-col-100 elementor-top-column elementor-element elementor-element-4ef425fb\" data-id=\"4ef425fb\" data-element_type=\"column\">\n\t\t\t<div class=\"elementor-widget-wrap\">\n\t\t\t\t\t\t\t<\/div>\n\t\t<\/div>\n\t\t\t\t\t<\/div>\n\t\t<\/section>\n\t\t\t\t<section class=\"elementor-section elementor-top-section elementor-element elementor-element-657c62af elementor-section-stretched elementor-section-boxed elementor-section-height-default elementor-section-height-default motta-responsive-column motta-tablet-column--default motta-responsive-column motta-mobile-column--default\" data-id=\"657c62af\" data-element_type=\"section\" data-settings=\"{&quot;stretch_section&quot;:&quot;section-stretched&quot;,&quot;background_background&quot;:&quot;classic&quot;}\">\n\t\t\t\t\t\t<div class=\"elementor-container elementor-column-gap-default\">\n\t\t\t\t\t<div class=\"elementor-column elementor-col-100 elementor-top-column elementor-element elementor-element-665915e5\" data-id=\"665915e5\" data-element_type=\"column\">\n\t\t\t<div class=\"elementor-widget-wrap elementor-element-populated\">\n\t\t\t\t\t\t<div class=\"elementor-element elementor-element-24a87185 elementor-widget elementor-widget-motta-heading\" data-id=\"24a87185\" data-element_type=\"widget\" data-widget_type=\"motta-heading.default\">\n\t\t\t\t<div class=\"elementor-widget-container\">\n\t\t\t\t\t<div class=\"motta-heading-elementor motta-heading__button-on\">\r\n\t\t\t\t<p class=\"motta-heading motta-heading--default\">\r\n\t\t\t\t\tA propos\t\t\t\t<\/p>\r\n\t\t\t\t\t\t\t<\/div>\r\n\t\t\t\t<\/div>\n\t\t\t\t<\/div>\n\t\t\t\t<div class=\"elementor-element elementor-element-ce4ccf2 elementor-widget elementor-widget-motta-heading\" data-id=\"ce4ccf2\" data-element_type=\"widget\" data-widget_type=\"motta-heading.default\">\n\t\t\t\t<div class=\"elementor-widget-container\">\n\t\t\t\t\t<div class=\"motta-heading-elementor motta-heading__button-on\">\r\n\t\t\t\t<div class=\"motta-heading motta-heading--default\">\r\n\t\t\t\t\tQui\nSommes\nNous !\t\t\t\t<\/div>\r\n\t\t\t\t\t\t\t<\/div>\r\n\t\t\t\t<\/div>\n\t\t\t\t<\/div>\n\t\t\t\t<div class=\"elementor-element elementor-element-444708d9 elementor-widget elementor-widget-text-editor\" data-id=\"444708d9\" data-element_type=\"widget\" data-widget_type=\"text-editor.default\">\n\t\t\t\t<div class=\"elementor-widget-container\">\n\t\t\t<style>\/*! elementor - v3.20.0 - 26-03-2024 *\/\n.elementor-widget-text-editor.elementor-drop-cap-view-stacked .elementor-drop-cap{background-color:#69727d;color:#fff}.elementor-widget-text-editor.elementor-drop-cap-view-framed .elementor-drop-cap{color:#69727d;border:3px solid;background-color:transparent}.elementor-widget-text-editor:not(.elementor-drop-cap-view-default) .elementor-drop-cap{margin-top:8px}.elementor-widget-text-editor:not(.elementor-drop-cap-view-default) .elementor-drop-cap-letter{width:1em;height:1em}.elementor-widget-text-editor .elementor-drop-cap{float:left;text-align:center;line-height:1;font-size:50px}.elementor-widget-text-editor .elementor-drop-cap-letter{display:inline-block}<\/style>\t\t\t\t<p>Kensoh Cameroon Logistics &amp; Transport est une soci\u00e9t\u00e9 qui exerce dans la logistique et le transport de colis de l&rsquo;Allemagne vers le Cameroun et le Gabon, avec un personnel qualifi\u00e9 \u00e0 votre \u00e9coute pour vos achats et commandes. Nous livrons au Cameroun \u00e0 Douala &#8211; Village et \u00e0 Yaound\u00e9 &#8211; Soa et au Gabon par bateau :<\/p>\t\t\t\t\t\t<\/div>\n\t\t\t\t<\/div>\n\t\t\t\t\t<\/div>\n\t\t<\/div>\n\t\t\t\t\t<\/div>\n\t\t<\/section>\n\t\t\t\t<section class=\"elementor-section elementor-top-section elementor-element elementor-element-216b529f elementor-section-boxed elementor-section-height-default elementor-section-height-default motta-responsive-column motta-tablet-column--default motta-responsive-column motta-mobile-column--default\" data-id=\"216b529f\" data-element_type=\"section\">\n\t\t\t\t\t\t<div class=\"elementor-container elementor-column-gap-default\">\n\t\t\t\t\t<div class=\"elementor-column elementor-col-100 elementor-top-column elementor-element elementor-element-3064f567\" data-id=\"3064f567\" data-element_type=\"column\">\n\t\t\t<div class=\"elementor-widget-wrap elementor-element-populated\">\n\t\t\t\t\t\t<div class=\"elementor-element elementor-element-6e306c2 elementor-widget elementor-widget-motta-heading\" data-id=\"6e306c2\" data-element_type=\"widget\" data-widget_type=\"motta-heading.default\">\n\t\t\t\t<div class=\"elementor-widget-container\">\n\t\t\t\t\t<div class=\"motta-heading-elementor motta-heading__button-on\">\r\n\t\t\t\t<p class=\"motta-heading motta-heading--default\">\r\n\t\t\t\t\tVous-vous posez des questions ?\t\t\t\t<\/p>\r\n\t\t\t\t\t\t\t<\/div>\r\n\t\t\t\t<\/div>\n\t\t\t\t<\/div>\n\t\t\t\t<div class=\"elementor-element elementor-element-202795d1 elementor-widget elementor-widget-motta-heading\" data-id=\"202795d1\" data-element_type=\"widget\" data-widget_type=\"motta-heading.default\">\n\t\t\t\t<div class=\"elementor-widget-container\">\n\t\t\t\t\t<div class=\"motta-heading-elementor motta-heading__button-on\">\r\n\t\t\t\t<h2 class=\"motta-heading motta-heading--default\">\r\n\t\t\t\t\tComment \u00e7a marche<br class=\"hidden-xs\" \/> sur Kensoh Store<br class=\"hidden-xs\" \/> \t\t\t\t<\/h2>\r\n\t\t\t\t\t\t\t<\/div>\r\n\t\t\t\t<\/div>\n\t\t\t\t<\/div>\n\t\t\t\t\t<\/div>\n\t\t<\/div>\n\t\t\t\t\t<\/div>\n\t\t<\/section>\n\t\t\t\t<section class=\"elementor-section elementor-top-section elementor-element elementor-element-535b4574 elementor-section-boxed elementor-section-height-default elementor-section-height-default motta-responsive-column motta-tablet-column--default motta-responsive-column motta-mobile-column--default\" data-id=\"535b4574\" data-element_type=\"section\">\n\t\t\t\t\t\t<div class=\"elementor-container elementor-column-gap-default\">\n\t\t\t\t\t<div class=\"elementor-column elementor-col-33 elementor-top-column elementor-element elementor-element-208b2bb9\" data-id=\"208b2bb9\" data-element_type=\"column\">\n\t\t\t<div class=\"elementor-widget-wrap elementor-element-populated\">\n\t\t\t\t\t\t<div class=\"elementor-element elementor-element-7624be4d motta-icon-box__icon-alignment--center motta-icon-box__icon-position--top elementor-widget elementor-widget-motta-icon-box\" data-id=\"7624be4d\" data-element_type=\"widget\" data-widget_type=\"motta-icon-box.default\">\n\t\t\t\t<div class=\"elementor-widget-container\">\n\t\t\t\t\t<div class=\"motta-icon-box icon-type-icon\">\r\n\t\t\t\t\t\t\t<div class=\"motta-icon-box__icon\">\r\n\t\t\t\t\t<span class=\"motta-svg-icon\"><svg xmlns=\"http:\/\/www.w3.org\/2000\/svg\" width=\"32\" height=\"32\" viewBox=\"0 0 32 32\"><title>choose-a-theme<\/title><path d=\"M28 0.667h-24c-1.473 0-2.667 1.193-2.667 2.667v25.333c0 1.473 1.193 2.667 2.667 2.667h24c1.473 0 2.667-1.193 2.667-2.667v-25.333c0-1.473-1.193-2.667-2.667-2.667zM29.333 28.667c0 0.733-0.6 1.333-1.333 1.333h-24c-0.733 0-1.333-0.6-1.333-1.333v-24h26.667v24z\"><\/path><path d=\"M7.333 16.667h6.667c0.733 0 1.333-0.6 1.333-1.333v-6.667c0-0.733-0.6-1.333-1.333-1.333h-6.667c-0.733 0-1.333 0.6-1.333 1.333v6.667c0 0.733 0.6 1.333 1.333 1.333zM6.933 8.667c0-0.22 0.18-0.4 0.4-0.4h6.667c0.22 0 0.4 0.18 0.4 0.4v6.667c0 0.22-0.18 0.4-0.4 0.4h-6.667c-0.22 0-0.4-0.18-0.4-0.4v-6.667z\"><\/path><path d=\"M7.167 27.387h6.667c0.733 0 1.333-0.6 1.333-1.333v-6.667c0-0.733-0.6-1.333-1.333-1.333h-6.667c-0.733 0-1.333 0.6-1.333 1.333v6.667c0 0.74 0.6 1.333 1.333 1.333zM6.773 19.387c0-0.22 0.18-0.4 0.4-0.4h6.667c0.22 0 0.4 0.18 0.4 0.4v6.667c0 0.22-0.18 0.4-0.4 0.4h-6.667c-0.22 0-0.4-0.18-0.4-0.4v-6.667z\"><\/path><path d=\"M18 27.333h6.667c0.733 0 1.333-0.6 1.333-1.333v-6.667c0-0.733-0.6-1.333-1.333-1.333h-6.667c-0.733 0-1.333 0.6-1.333 1.333v6.667c0 0.733 0.6 1.333 1.333 1.333zM17.6 19.333c0-0.22 0.18-0.4 0.4-0.4h6.667c0.22 0 0.4 0.18 0.4 0.4v6.667c0 0.22-0.18 0.4-0.4 0.4h-6.667c-0.22 0-0.4-0.18-0.4-0.4v-6.667z\"><\/path><path d=\"M18 16.667h6.667c0.733 0 1.333-0.6 1.333-1.333v-6.667c0-0.733-0.6-1.333-1.333-1.333h-6.667c-0.733 0-1.333 0.6-1.333 1.333v6.667c0 0.733 0.6 1.333 1.333 1.333zM19.567 11.267l1.193 1.193 2.333-2.333 0.707 0.707-3.040 3.040-1.9-1.9 0.707-0.707z\"><\/path><\/svg><\/span>\t\t\t\t<\/div>\r\n\t\t\t\t\t\t<div class=\"motta-icon-box__wrapper\">\r\n\t\t\t\t\t\t\t\t\t<h4 class=\"motta-icon-box__title\">Choisir un article dans notre boutique<\/h4>\r\n\t\t\t\t\t\t\t\t\t\t\t\t\t<div class=\"motta-icon-box__content\">Sur cette plateforme, vous pouvez vous rendre directement dans notre boutique et effectuer votre choix sur les articles que nous disposons par cat\u00e9gories et ajouter au panier.<\/div>\r\n\t\t\t\t\t\t\t\t\t\t\t<\/div>\r\n\t\t\t\t\t<\/div>\r\n\t\t\t\t<\/div>\n\t\t\t\t<\/div>\n\t\t\t\t\t<\/div>\n\t\t<\/div>\n\t\t\t\t<div class=\"elementor-column elementor-col-33 elementor-top-column elementor-element elementor-element-2c36898a\" data-id=\"2c36898a\" data-element_type=\"column\">\n\t\t\t<div class=\"elementor-widget-wrap elementor-element-populated\">\n\t\t\t\t\t\t<div class=\"elementor-element elementor-element-2b1b5982 motta-icon-box__icon-alignment--center motta-icon-box__icon-position--top elementor-widget elementor-widget-motta-icon-box\" data-id=\"2b1b5982\" data-element_type=\"widget\" data-widget_type=\"motta-icon-box.default\">\n\t\t\t\t<div class=\"elementor-widget-container\">\n\t\t\t\t\t<div class=\"motta-icon-box icon-type-icon\">\r\n\t\t\t\t\t\t\t<div class=\"motta-icon-box__icon\">\r\n\t\t\t\t\t<span class=\"motta-svg-icon\"><svg xmlns=\"http:\/\/www.w3.org\/2000\/svg\" width=\"32\" height=\"32\" viewBox=\"0 0 32 32\"><title>start-selling<\/title><path d=\"M28.4 1.867c-0.253-0.333-0.647-0.533-1.067-0.533h-22.667c-0.42 0-0.813 0.2-1.067 0.533l-3.6 4.8v3.327c0 1.593 1.12 3.013 2.667 3.28v14.727c0 1.473 1.193 2.667 2.667 2.667h21.333c1.473 0 2.667-1.193 2.667-2.667v-14.727c1.547-0.267 2.667-1.687 2.667-3.28v-3.327l-3.6-4.8zM26.667 29.393h-21.333c-0.767 0-1.393-0.627-1.393-1.393v-14.753c1.413-0.333 2.46-1.6 2.46-3.113 0 1.767 1.433 3.2 3.2 3.2s3.2-1.433 3.2-3.2c0 1.767 1.433 3.2 3.2 3.2s3.2-1.433 3.2-3.2c0 1.767 1.433 3.2 3.2 3.2s3.2-1.433 3.2-3.2c0 1.513 1.053 2.78 2.46 3.113v14.753c0 0.767-0.627 1.393-1.393 1.393z\"><\/path><path d=\"M20.773 17.167h2.807l-7.007 6.96-4.927-3.373-4.78 4.84 0.713 0.707 4.187-4.247 4.92 3.367 7.587-7.533v2.78h1v-4.5h-4.5z\"><\/path><\/svg><\/span>\t\t\t\t<\/div>\r\n\t\t\t\t\t\t<div class=\"motta-icon-box__wrapper\">\r\n\t\t\t\t\t\t\t\t\t<h4 class=\"motta-icon-box__title\">Acheter sur un autre site marchand<\/h4>\r\n\t\t\t\t\t\t\t\t\t\t\t\t\t<div class=\"motta-icon-box__content\">Si vous ne trouvez pas d'article dans notre boutique, envoyez nous directement les liens d'articles \u00e0 travers les sites tels que Amazon, E-bay, Bauhaux, MediaMark Saturn,etc. \u200b<\/div>\r\n\t\t\t\t\t\t\t\t\t\t\t<\/div>\r\n\t\t\t\t\t<\/div>\r\n\t\t\t\t<\/div>\n\t\t\t\t<\/div>\n\t\t\t\t\t<\/div>\n\t\t<\/div>\n\t\t\t\t<div class=\"elementor-column elementor-col-33 elementor-top-column elementor-element elementor-element-1aab00b\" data-id=\"1aab00b\" data-element_type=\"column\">\n\t\t\t<div class=\"elementor-widget-wrap elementor-element-populated\">\n\t\t\t\t\t\t<div class=\"elementor-element elementor-element-542c932 motta-icon-box__icon-alignment--center motta-icon-box__icon-position--top elementor-widget elementor-widget-motta-icon-box\" data-id=\"542c932\" data-element_type=\"widget\" data-widget_type=\"motta-icon-box.default\">\n\t\t\t\t<div class=\"elementor-widget-container\">\n\t\t\t\t\t<div class=\"motta-icon-box icon-type-icon\">\r\n\t\t\t\t\t\t\t<div class=\"motta-icon-box__icon\">\r\n\t\t\t\t\t<span class=\"motta-svg-icon\"><svg aria-hidden=\"true\" class=\"e-font-icon-svg e-fab-whatsapp\" viewBox=\"0 0 448 512\" xmlns=\"http:\/\/www.w3.org\/2000\/svg\"><path d=\"M380.9 97.1C339 55.1 283.2 32 223.9 32c-122.4 0-222 99.6-222 222 0 39.1 10.2 77.3 29.6 111L0 480l117.7-30.9c32.4 17.7 68.9 27 106.1 27h.1c122.3 0 224.1-99.6 224.1-222 0-59.3-25.2-115-67.1-157zm-157 341.6c-33.2 0-65.7-8.9-94-25.7l-6.7-4-69.8 18.3L72 359.2l-4.4-7c-18.5-29.4-28.2-63.3-28.2-98.2 0-101.7 82.8-184.5 184.6-184.5 49.3 0 95.6 19.2 130.4 54.1 34.8 34.9 56.2 81.2 56.1 130.5 0 101.8-84.9 184.6-186.6 184.6zm101.2-138.2c-5.5-2.8-32.8-16.2-37.9-18-5.1-1.9-8.8-2.8-12.5 2.8-3.7 5.6-14.3 18-17.6 21.8-3.2 3.7-6.5 4.2-12 1.4-32.6-16.3-54-29.1-75.5-66-5.7-9.8 5.7-9.1 16.3-30.3 1.8-3.7.9-6.9-.5-9.7-1.4-2.8-12.5-30.1-17.1-41.2-4.5-10.8-9.1-9.3-12.5-9.5-3.2-.2-6.9-.2-10.6-.2-3.7 0-9.7 1.4-14.8 6.9-5.1 5.6-19.4 19-19.4 46.3 0 27.3 19.9 53.7 22.6 57.4 2.8 3.7 39.1 59.7 94.8 83.8 35.2 15.2 49 16.5 66.6 13.9 10.7-1.6 32.8-13.4 37.4-26.4 4.6-13 4.6-24.1 3.2-26.4-1.3-2.5-5-3.9-10.5-6.6z\"><\/path><\/svg><\/span>\t\t\t\t<\/div>\r\n\t\t\t\t\t\t<div class=\"motta-icon-box__wrapper\">\r\n\t\t\t\t\t\t\t\t\t<h4 class=\"motta-icon-box__title\">Assistance rapide et support whatsApp 24X7<\/h4>\r\n\t\t\t\t\t\t\t\t\t\t\t\t\t<div class=\"motta-icon-box__content\">Nous restons \u00e0 l'\u00e9coute de nos clients en tout temps pour r\u00e9pondre de mani\u00e8re pro active \u00e0 leur besoins<\/div>\r\n\t\t\t\t\t\t\t\t\t\t\t<\/div>\r\n\t\t\t\t\t<\/div>\r\n\t\t\t\t<\/div>\n\t\t\t\t<\/div>\n\t\t\t\t\t<\/div>\n\t\t<\/div>\n\t\t\t\t\t<\/div>\n\t\t<\/section>\n\t\t\t\t<section class=\"elementor-section elementor-top-section elementor-element elementor-element-631a0b96 elementor-section-stretched elementor-section-boxed elementor-section-height-default elementor-section-height-default motta-responsive-column motta-tablet-column--default motta-responsive-column motta-mobile-column--default\" data-id=\"631a0b96\" data-element_type=\"section\" data-settings=\"{&quot;stretch_section&quot;:&quot;section-stretched&quot;}\">\n\t\t\t\t\t\t<div class=\"elementor-container elementor-column-gap-no\">\n\t\t\t\t\t<div class=\"elementor-column elementor-col-100 elementor-top-column elementor-element elementor-element-984ba80\" data-id=\"984ba80\" data-element_type=\"column\" data-settings=\"{&quot;background_background&quot;:&quot;classic&quot;}\">\n\t\t\t<div class=\"elementor-widget-wrap elementor-element-populated\">\n\t\t\t\t\t\t<section class=\"elementor-section elementor-inner-section elementor-element elementor-element-693c6f7b elementor-section-full_width elementor-section-height-default elementor-section-height-default motta-responsive-column motta-tablet-column--default motta-responsive-column motta-mobile-column--default\" data-id=\"693c6f7b\" data-element_type=\"section\" data-settings=\"{&quot;background_background&quot;:&quot;classic&quot;}\">\n\t\t\t\t\t\t<div class=\"elementor-container elementor-column-gap-extended\">\n\t\t\t\t\t<div class=\"elementor-column elementor-col-33 elementor-inner-column elementor-element elementor-element-488a026d elementor-hidden-tablet elementor-hidden-mobile\" data-id=\"488a026d\" data-element_type=\"column\">\n\t\t\t<div class=\"elementor-widget-wrap\">\n\t\t\t\t\t\t\t<\/div>\n\t\t<\/div>\n\t\t\t\t<div class=\"elementor-column elementor-col-33 elementor-inner-column elementor-element elementor-element-280a1532\" data-id=\"280a1532\" data-element_type=\"column\" data-settings=\"{&quot;background_background&quot;:&quot;classic&quot;}\">\n\t\t\t<div class=\"elementor-widget-wrap elementor-element-populated\">\n\t\t\t\t\t\t<div class=\"elementor-element elementor-element-887afab elementor-widget elementor-widget-motta-heading\" data-id=\"887afab\" data-element_type=\"widget\" data-widget_type=\"motta-heading.default\">\n\t\t\t\t<div class=\"elementor-widget-container\">\n\t\t\t\t\t<div class=\"motta-heading-elementor motta-heading__button-on\">\r\n\t\t\t\t<p class=\"motta-heading motta-heading--default\">\r\n\t\t\t\t\tNos Atouts\t\t\t\t<\/p>\r\n\t\t\t\t\t\t\t<\/div>\r\n\t\t\t\t<\/div>\n\t\t\t\t<\/div>\n\t\t\t\t<div class=\"elementor-element elementor-element-57744dbe elementor-widget elementor-widget-motta-heading\" data-id=\"57744dbe\" data-element_type=\"widget\" data-widget_type=\"motta-heading.default\">\n\t\t\t\t<div class=\"elementor-widget-container\">\n\t\t\t\t\t<div class=\"motta-heading-elementor motta-heading__button-on\">\r\n\t\t\t\t<div class=\"motta-heading motta-heading--default\">\r\n\t\t\t\t\tPourquoi\nChoisir\nKensoh\t\t\t\t<\/div>\r\n\t\t\t\t\t\t\t<\/div>\r\n\t\t\t\t<\/div>\n\t\t\t\t<\/div>\n\t\t\t\t\t<\/div>\n\t\t<\/div>\n\t\t\t\t<div class=\"elementor-column elementor-col-33 elementor-inner-column elementor-element elementor-element-2f26c6ab\" data-id=\"2f26c6ab\" data-element_type=\"column\">\n\t\t\t<div class=\"elementor-widget-wrap elementor-element-populated\">\n\t\t\t\t\t\t<div class=\"elementor-element elementor-element-1643044 elementor-widget elementor-widget-motta-checklist\" data-id=\"1643044\" data-element_type=\"widget\" data-widget_type=\"motta-checklist.default\">\n\t\t\t\t<div class=\"elementor-widget-container\">\n\t\t\t<div class=\"motta-checklist__item motta-checklist__item--a037a96 \"><div class=\"motta-checklist__icon\"><span class=\"motta-svg-icon motta-svg-icon--check\" ><svg width=\"24\" height=\"24\" aria-hidden=\"true\" role=\"img\" focusable=\"false\" viewBox=\"0 0 32 32\"><path d=\"M13.82 23.22l-6.88-6.88 2.12-2.12 4.76 4.76 9.12-9.14 2.12 2.12z\"><\/path><\/svg><\/span><\/div><div class=\"motta-checklist__wrapper\"><div class=\"motta-checklist__title\">Plus de 05 ann\u00e9es d'exp\u00e9rience<\/div><div class=\"motta-checklist__description\">La Maitrise d'un domaine s'acquiert avec un temps consid\u00e9rable !  avec plus de 50 conteneurs achemin\u00e9s vers le Cameroun, nous pouvons dire sans risque de nous tromper que nous sommes leader.<\/div><\/div><\/div><div class=\"motta-checklist__item motta-checklist__item--3ec9931 \"><div class=\"motta-checklist__icon\"><span class=\"motta-svg-icon motta-svg-icon--check\" ><svg width=\"24\" height=\"24\" aria-hidden=\"true\" role=\"img\" focusable=\"false\" viewBox=\"0 0 32 32\"><path d=\"M13.82 23.22l-6.88-6.88 2.12-2.12 4.76 4.76 9.12-9.14 2.12 2.12z\"><\/path><\/svg><\/span><\/div><div class=\"motta-checklist__wrapper\"><div class=\"motta-checklist__title\">Le Meilleur Rapport Qualit\u00e9\/Prix<\/div><div class=\"motta-checklist__description\">Parce que la satisfaction de nos clients est privil\u00e9gi\u00e9e, nous \u0153uvrons tous les jours pour optimiser la qualit\u00e9 de nos services en restant conscients que la r\u00e9mun\u00e9ration suivra naturellement sans faire d'extrapolation sur les co\u00fbts.<\/div><\/div><\/div><div class=\"motta-checklist__item motta-checklist__item--68611ef \"><div class=\"motta-checklist__icon\"><span class=\"motta-svg-icon motta-svg-icon--check\" ><svg width=\"24\" height=\"24\" aria-hidden=\"true\" role=\"img\" focusable=\"false\" viewBox=\"0 0 32 32\"><path d=\"M13.82 23.22l-6.88-6.88 2.12-2.12 4.76 4.76 9.12-9.14 2.12 2.12z\"><\/path><\/svg><\/span><\/div><div class=\"motta-checklist__wrapper\"><div class=\"motta-checklist__title\">Le Respect de d\u00e9lais<\/div><div class=\"motta-checklist__description\">Nous pratiquons les d\u00e9lais raisonnables en tenant compte des contraintes li\u00e9es \u00e0 la logistique, au transport et aux proc\u00e9dures douani\u00e8res de votre pays de destination<\/div><\/div><\/div><div class=\"motta-checklist__item motta-checklist__item--f7ed712 \"><div class=\"motta-checklist__icon\"><span class=\"motta-svg-icon motta-svg-icon--check\" ><svg width=\"24\" height=\"24\" aria-hidden=\"true\" role=\"img\" focusable=\"false\" viewBox=\"0 0 32 32\"><path d=\"M13.82 23.22l-6.88-6.88 2.12-2.12 4.76 4.76 9.12-9.14 2.12 2.12z\"><\/path><\/svg><\/span><\/div><div class=\"motta-checklist__wrapper\"><div class=\"motta-checklist__title\">Livraison en tr\u00e8s bon \u00c9tat<\/div><div class=\"motta-checklist__description\">Nous acheminons et livrons vos colis en prenant toutes les pr\u00e9cautions n\u00e9cessaires pour qu'ils vous parviennent en tr\u00e8s bon \u00e9tat<\/div><\/div><\/div><div class=\"motta-checklist__item motta-checklist__item--842f09a \"><div class=\"motta-checklist__icon\"><span class=\"motta-svg-icon motta-svg-icon--check\" ><svg width=\"24\" height=\"24\" aria-hidden=\"true\" role=\"img\" focusable=\"false\" viewBox=\"0 0 32 32\"><path d=\"M13.82 23.22l-6.88-6.88 2.12-2.12 4.76 4.76 9.12-9.14 2.12 2.12z\"><\/path><\/svg><\/span><\/div><div class=\"motta-checklist__wrapper\"><div class=\"motta-checklist__title\">Le suivi des commandes de bout en bout<\/div><div class=\"motta-checklist__description\">Depuis le moment o\u00f9 vous nous passez votre commande, nous vous communiquons r\u00e9guli\u00e8rement l'\u00e9tat d'avancement dans le processus d\u2019acheminement. vous pouvez \u00e9galement effectuer le check sur notre plateforme actuelle dans le menu Track<\/div><\/div><\/div>\t\t<\/div>\n\t\t\t\t<\/div>\n\t\t\t\t\t<\/div>\n\t\t<\/div>\n\t\t\t\t\t<\/div>\n\t\t<\/section>\n\t\t\t\t\t<\/div>\n\t\t<\/div>\n\t\t\t\t\t<\/div>\n\t\t<\/section>\n\t\t\t\t<section class=\"elementor-section elementor-top-section elementor-element elementor-element-51814de1 elementor-section-stretched elementor-section-boxed elementor-section-height-default elementor-section-height-default motta-responsive-column motta-tablet-column--default motta-responsive-column motta-mobile-column--default\" data-id=\"51814de1\" data-element_type=\"section\" data-settings=\"{&quot;stretch_section&quot;:&quot;section-stretched&quot;}\">\n\t\t\t\t\t\t<div class=\"elementor-container elementor-column-gap-no\">\n\t\t\t\t\t<div class=\"elementor-column elementor-col-100 elementor-top-column elementor-element elementor-element-7d77ac15\" data-id=\"7d77ac15\" data-element_type=\"column\">\n\t\t\t<div class=\"elementor-widget-wrap\">\n\t\t\t\t\t\t\t<\/div>\n\t\t<\/div>\n\t\t\t\t\t<\/div>\n\t\t<\/section>\n\t\t\t\t<\/div>\n\t\t","protected":false},"excerpt":{"rendered":"<p>Kensoh, votre partenaire s\u00fbr en transport et logistique A propos Qui Sommes Nous ! Kensoh Cameroon Logistics &amp; Transport est une soci\u00e9t\u00e9 qui exerce dans la logistique et le transport de colis de l&rsquo;Allemagne vers le Cameroun et le Gabon, avec un personnel qualifi\u00e9 \u00e0 votre \u00e9coute pour vos achats et commandes. Nous livrons au [&hellip;]<\/p>\n","protected":false},"author":1,"featured_media":0,"parent":0,"menu_order":0,"comment_status":"closed","ping_status":"closed","template":"","meta":{"_joinchat":[],"footnotes":""},"_links":{"self":[{"href":"https:\/\/kensoh-store.com\/index.php\/wp-json\/wp\/v2\/pages\/21487"}],"collection":[{"href":"https:\/\/kensoh-store.com\/index.php\/wp-json\/wp\/v2\/pages"}],"about":[{"href":"https:\/\/kensoh-store.com\/index.php\/wp-json\/wp\/v2\/types\/page"}],"author":[{"embeddable":true,"href":"https:\/\/kensoh-store.com\/index.php\/wp-json\/wp\/v2\/users\/1"}],"replies":[{"embeddable":true,"href":"https:\/\/kensoh-store.com\/index.php\/wp-json\/wp\/v2\/comments?post=21487"}],"version-history":[{"count":4,"href":"https:\/\/kensoh-store.com\/index.php\/wp-json\/wp\/v2\/pages\/21487\/revisions"}],"predecessor-version":[{"id":21507,"href":"https:\/\/kensoh-store.com\/index.php\/wp-json\/wp\/v2\/pages\/21487\/revisions\/21507"}],"wp:attachment":[{"href":"https:\/\/kensoh-store.com\/index.php\/wp-json\/wp\/v2\/media?parent=21487"}],"curies":[{"name":"wp","href":"https:\/\/api.w.org\/{rel}","templated":true}]}}