{"id":21244,"date":"2024-04-29T20:55:44","date_gmt":"2024-04-29T20:55:44","guid":{"rendered":"https:\/\/kensoh-store.com\/?page_id=21244"},"modified":"2024-08-18T17:51:38","modified_gmt":"2024-08-18T17:51:38","slug":"services-construction","status":"publish","type":"page","link":"https:\/\/kensoh-store.com\/index.php\/services-construction\/","title":{"rendered":"Services Construction"},"content":{"rendered":"\t\t<div data-elementor-type=\"wp-page\" data-elementor-id=\"21244\" class=\"elementor elementor-21244\">\n\t\t\t\t\t\t<section class=\"elementor-section elementor-top-section elementor-element elementor-element-6aa7921f elementor-section-stretched elementor-section-height-min-height elementor-section-boxed elementor-section-height-default elementor-section-items-middle motta-responsive-column motta-tablet-column--default motta-responsive-column motta-mobile-column--default\" data-id=\"6aa7921f\" data-element_type=\"section\" data-settings=\"{&quot;stretch_section&quot;:&quot;section-stretched&quot;,&quot;background_background&quot;:&quot;classic&quot;}\">\n\t\t\t\t\t\t\t<div class=\"elementor-background-overlay\"><\/div>\n\t\t\t\t\t\t\t<div class=\"elementor-container elementor-column-gap-default\">\n\t\t\t\t\t<div class=\"elementor-column elementor-col-100 elementor-top-column elementor-element elementor-element-7e3ef884\" data-id=\"7e3ef884\" data-element_type=\"column\">\n\t\t\t<div class=\"elementor-widget-wrap\">\n\t\t\t\t\t\t\t<\/div>\n\t\t<\/div>\n\t\t\t\t\t<\/div>\n\t\t<\/section>\n\t\t\t\t<section class=\"elementor-section elementor-top-section elementor-element elementor-element-47a5076c elementor-section-height-min-height elementor-section-stretched elementor-section-boxed elementor-section-height-default elementor-section-items-middle motta-responsive-column motta-tablet-column--default motta-responsive-column motta-mobile-column--default\" data-id=\"47a5076c\" data-element_type=\"section\" data-settings=\"{&quot;stretch_section&quot;:&quot;section-stretched&quot;,&quot;background_background&quot;:&quot;classic&quot;}\">\n\t\t\t\t\t\t<div class=\"elementor-container elementor-column-gap-default\">\n\t\t\t\t\t<div class=\"elementor-column elementor-col-100 elementor-top-column elementor-element elementor-element-362af545\" data-id=\"362af545\" data-element_type=\"column\">\n\t\t\t<div class=\"elementor-widget-wrap\">\n\t\t\t\t\t\t\t<\/div>\n\t\t<\/div>\n\t\t\t\t\t<\/div>\n\t\t<\/section>\n\t\t\t\t<section class=\"elementor-section elementor-top-section elementor-element elementor-element-2107b142 elementor-section-boxed elementor-section-height-default elementor-section-height-default motta-responsive-column motta-tablet-column--default motta-responsive-column motta-mobile-column--default\" data-id=\"2107b142\" data-element_type=\"section\">\n\t\t\t\t\t\t<div class=\"elementor-container elementor-column-gap-default\">\n\t\t\t\t\t<div class=\"elementor-column elementor-col-100 elementor-top-column elementor-element elementor-element-5b4cb748\" data-id=\"5b4cb748\" data-element_type=\"column\">\n\t\t\t<div class=\"elementor-widget-wrap elementor-element-populated\">\n\t\t\t\t\t\t<div class=\"elementor-element elementor-element-417a3aa1 elementor-widget elementor-widget-motta-heading\" data-id=\"417a3aa1\" data-element_type=\"widget\" data-widget_type=\"motta-heading.default\">\n\t\t\t\t<div class=\"elementor-widget-container\">\n\t\t\t\t\t<div class=\"motta-heading-elementor motta-heading__button-on\">\r\n\t\t\t\t<p class=\"motta-heading motta-heading--default\">\r\n\t\t\t\t\tBien plus que de simples services\t\t\t\t<\/p>\r\n\t\t\t\t\t\t\t<\/div>\r\n\t\t\t\t<\/div>\n\t\t\t\t<\/div>\n\t\t\t\t<div class=\"elementor-element elementor-element-43c178e7 elementor-widget elementor-widget-motta-heading\" data-id=\"43c178e7\" data-element_type=\"widget\" data-widget_type=\"motta-heading.default\">\n\t\t\t\t<div class=\"elementor-widget-container\">\n\t\t\t\t\t<div class=\"motta-heading-elementor motta-heading__button-on\">\r\n\t\t\t\t<h2 class=\"motta-heading motta-heading--default\">\r\n\t\t\t\t\tNos domaines d'expertises\t\t\t\t<\/h2>\r\n\t\t\t\t\t\t\t<\/div>\r\n\t\t\t\t<\/div>\n\t\t\t\t<\/div>\n\t\t\t\t\t<\/div>\n\t\t<\/div>\n\t\t\t\t\t<\/div>\n\t\t<\/section>\n\t\t\t\t<section class=\"elementor-section elementor-top-section elementor-element elementor-element-55108b34 elementor-section-boxed elementor-section-height-default elementor-section-height-default motta-responsive-column motta-tablet-column--default motta-responsive-column motta-mobile-column--default\" data-id=\"55108b34\" data-element_type=\"section\">\n\t\t\t\t\t\t<div class=\"elementor-container elementor-column-gap-default\">\n\t\t\t\t\t<div class=\"elementor-column elementor-col-33 elementor-top-column elementor-element elementor-element-1dd8257a elementor-invisible\" data-id=\"1dd8257a\" data-element_type=\"column\" data-settings=\"{&quot;animation&quot;:&quot;fadeInUp&quot;,&quot;animation_delay&quot;:500}\">\n\t\t\t<div class=\"elementor-widget-wrap elementor-element-populated\">\n\t\t\t\t\t\t<div class=\"elementor-element elementor-element-6156950c motta-image-box__image--before elementor-widget elementor-widget-motta-image-box\" data-id=\"6156950c\" data-element_type=\"widget\" data-widget_type=\"motta-image-box.default\">\n\t\t\t\t<div class=\"elementor-widget-container\">\n\t\t\t\t\t<div class=\"motta-image-box\">\n\t\t\t\t\t\t\t<img decoding=\"async\" src=\"https:\/\/kensoh-store.com\/wp-content\/uploads\/elementor\/thumbs\/ico-kensoh-BTP-qnfwez1w168evikkrm3r85oiwz6axyv0sj1ocg3m40.png\" title=\"ico-kensoh-BTP\" alt=\"ico-kensoh-BTP\" loading=\"lazy\" \/>\t\t\t\t<div class=\"motta-image-box__summary\">\n\t\t\t\t\t<div class=\"motta-image-box__title\">Expertise en B\u00e2timent en Travaux Publics<\/div>\t\t\t\t\t<div class=\"motta-image-box__description\">Consulting Qualit\u00e9, Technique et Financi\u00e8re<\/div>\t\t\t\t<\/div>\n\t\t\t\t\n\t\t\t\t\n\t\t\t\t\t\t\t\t<\/div>\n\t\t\t\t<\/div>\n\t\t\t\t<\/div>\n\t\t\t\t\t<\/div>\n\t\t<\/div>\n\t\t\t\t<div class=\"elementor-column elementor-col-33 elementor-top-column elementor-element elementor-element-5bd3e251 elementor-invisible\" data-id=\"5bd3e251\" data-element_type=\"column\" data-settings=\"{&quot;animation&quot;:&quot;fadeInUp&quot;,&quot;animation_delay&quot;:600}\">\n\t\t\t<div class=\"elementor-widget-wrap elementor-element-populated\">\n\t\t\t\t\t\t<div class=\"elementor-element elementor-element-6d85f77d motta-image-box__image--before elementor-widget elementor-widget-motta-image-box\" data-id=\"6d85f77d\" data-element_type=\"widget\" data-widget_type=\"motta-image-box.default\">\n\t\t\t\t<div class=\"elementor-widget-container\">\n\t\t\t\t\t<div class=\"motta-image-box\">\n\t\t\t\t\t\t\t<img decoding=\"async\" src=\"https:\/\/kensoh-store.com\/wp-content\/uploads\/elementor\/thumbs\/Kensoh-icon-chantier-qnfwltblrrljdcmutkk0dfjajxggyo0p2dyw2xygts.png\" title=\"Kensoh-icon-chantier\" alt=\"Kensoh-icon-chantier\" loading=\"lazy\" \/>\t\t\t\t<div class=\"motta-image-box__summary\">\n\t\t\t\t\t<div class=\"motta-image-box__title\">Gestion et Suivi de chantier<\/div>\t\t\t\t\t<div class=\"motta-image-box__description\">1- Augsburg,  2- Ulm, Stuttgart, <br>3- M\u00fcnchen,  4- N\u00fcrnberg, Bamberg<\/div>\t\t\t\t<\/div>\n\t\t\t\t\n\t\t\t\t\n\t\t\t\t\t\t\t\t<\/div>\n\t\t\t\t<\/div>\n\t\t\t\t<\/div>\n\t\t\t\t\t<\/div>\n\t\t<\/div>\n\t\t\t\t<div class=\"elementor-column elementor-col-33 elementor-top-column elementor-element elementor-element-4c3ba433 elementor-invisible\" data-id=\"4c3ba433\" data-element_type=\"column\" data-settings=\"{&quot;animation&quot;:&quot;fadeInUp&quot;,&quot;animation_delay&quot;:700}\">\n\t\t\t<div class=\"elementor-widget-wrap elementor-element-populated\">\n\t\t\t\t\t\t<div class=\"elementor-element elementor-element-40899172 motta-image-box__image--before elementor-widget elementor-widget-motta-image-box\" data-id=\"40899172\" data-element_type=\"widget\" data-widget_type=\"motta-image-box.default\">\n\t\t\t\t<div class=\"elementor-widget-container\">\n\t\t\t\t\t<div class=\"motta-image-box\">\n\t\t\t\t\t\t\t<img decoding=\"async\" src=\"https:\/\/kensoh-store.com\/wp-content\/uploads\/elementor\/thumbs\/ico-kensoh-gros-oeuvre-qnfx9t5a8ig1qzs3pfy5ivjwh16sgia0p5i448dnzk.png\" title=\"ico-kensoh-gros-oeuvre\" alt=\"ico-kensoh-gros-oeuvre\" loading=\"lazy\" \/>\t\t\t\t<div class=\"motta-image-box__summary\">\n\t\t\t\t\t<div class=\"motta-image-box__title\">R\u00e9alisation du gros \u0153uvre<\/div>\t\t\t\t\t<div class=\"motta-image-box__description\">Fondation, \u00e9levation, dalles, Fosses septique, puisard, forage Charpentes (M\u00e9talliques et bois)<\/div>\t\t\t\t<\/div>\n\t\t\t\t\n\t\t\t\t\n\t\t\t\t\t\t\t\t<\/div>\n\t\t\t\t<\/div>\n\t\t\t\t<\/div>\n\t\t\t\t\t<\/div>\n\t\t<\/div>\n\t\t\t\t\t<\/div>\n\t\t<\/section>\n\t\t\t\t<section class=\"elementor-section elementor-top-section elementor-element elementor-element-5652cef4 elementor-section-boxed elementor-section-height-default elementor-section-height-default motta-responsive-column motta-tablet-column--default motta-responsive-column motta-mobile-column--default\" data-id=\"5652cef4\" data-element_type=\"section\">\n\t\t\t\t\t\t<div class=\"elementor-container elementor-column-gap-default\">\n\t\t\t\t\t<div class=\"elementor-column elementor-col-33 elementor-top-column elementor-element elementor-element-2c76697d elementor-invisible\" data-id=\"2c76697d\" data-element_type=\"column\" data-settings=\"{&quot;animation&quot;:&quot;fadeInUp&quot;,&quot;animation_delay&quot;:800}\">\n\t\t\t<div class=\"elementor-widget-wrap elementor-element-populated\">\n\t\t\t\t\t\t<div class=\"elementor-element elementor-element-49de16d1 motta-image-box__image--before elementor-widget elementor-widget-motta-image-box\" data-id=\"49de16d1\" data-element_type=\"widget\" data-widget_type=\"motta-image-box.default\">\n\t\t\t\t<div class=\"elementor-widget-container\">\n\t\t\t\t\t<div class=\"motta-image-box\">\n\t\t\t\t\t\t\t<img decoding=\"async\" src=\"https:\/\/kensoh-store.com\/wp-content\/uploads\/elementor\/thumbs\/ico-kensoh-plans-qnfx9v0ym6ime7pdegrenv2tnsxivwhhdet32savn4.png\" title=\"ico-kensoh-plans\" alt=\"ico-kensoh-plans\" loading=\"lazy\" \/>\t\t\t\t<div class=\"motta-image-box__summary\">\n\t\t\t\t\t<div class=\"motta-image-box__title\">Conception des plans 2D et 3D<\/div>\t\t\t\t\t<div class=\"motta-image-box__description\">Plans d\u2019architecture, plans de coffrage, de ferraillage et de menuiserie m\u00e9tallique<\/div>\t\t\t\t<\/div>\n\t\t\t\t\n\t\t\t\t\n\t\t\t\t\t\t\t\t<\/div>\n\t\t\t\t<\/div>\n\t\t\t\t<\/div>\n\t\t\t\t\t<\/div>\n\t\t<\/div>\n\t\t\t\t<div class=\"elementor-column elementor-col-33 elementor-top-column elementor-element elementor-element-56c8b8c9 elementor-invisible\" data-id=\"56c8b8c9\" data-element_type=\"column\" data-settings=\"{&quot;animation&quot;:&quot;fadeInUp&quot;,&quot;animation_delay&quot;:900}\">\n\t\t\t<div class=\"elementor-widget-wrap elementor-element-populated\">\n\t\t\t\t\t\t<div class=\"elementor-element elementor-element-4e04465 motta-image-box__image--before elementor-widget elementor-widget-motta-image-box\" data-id=\"4e04465\" data-element_type=\"widget\" data-widget_type=\"motta-image-box.default\">\n\t\t\t\t<div class=\"elementor-widget-container\">\n\t\t\t\t\t<div class=\"motta-image-box\">\n\t\t\t\t\t\t\t<a href=\"#\" class=\"motta-image-box__link\"><img decoding=\"async\" src=\"https:\/\/kensoh-store.com\/wp-content\/uploads\/elementor\/thumbs\/Kensoh-icon-devis-qnfxaiixd1esggr8l8x2w75cifpp8c2rsn482pc1bk.png\" title=\"Kensoh-icon-devis\" alt=\"Kensoh-icon-devis\" loading=\"lazy\" \/><\/a>\t\t\t\t<div class=\"motta-image-box__summary\">\n\t\t\t\t\t<a href=\"#\" class=\"motta-image-box__link\"><div class=\"motta-image-box__title\">Optimisation des Co\u00fbts<\/div><\/a>\t\t\t\t\t<div class=\"motta-image-box__description\">Devis quantitatif\/estimatif, calcul de rentabilit\u00e9 et optimisation des projets de construction<\/div>\t\t\t\t<\/div>\n\t\t\t\t\n\t\t\t\t\n\t\t\t\t\t\t\t\t<\/div>\n\t\t\t\t<\/div>\n\t\t\t\t<\/div>\n\t\t\t\t\t<\/div>\n\t\t<\/div>\n\t\t\t\t<div class=\"elementor-column elementor-col-33 elementor-top-column elementor-element elementor-element-13ba3b7b elementor-invisible\" data-id=\"13ba3b7b\" data-element_type=\"column\" data-settings=\"{&quot;animation&quot;:&quot;fadeInUp&quot;,&quot;animation_delay&quot;:1000}\">\n\t\t\t<div class=\"elementor-widget-wrap elementor-element-populated\">\n\t\t\t\t\t\t<div class=\"elementor-element elementor-element-5a17967d motta-image-box__image--before elementor-widget elementor-widget-motta-image-box\" data-id=\"5a17967d\" data-element_type=\"widget\" data-widget_type=\"motta-image-box.default\">\n\t\t\t\t<div class=\"elementor-widget-container\">\n\t\t\t\t\t<div class=\"motta-image-box\">\n\t\t\t\t\t\t\t<img decoding=\"async\" src=\"https:\/\/kensoh-store.com\/wp-content\/uploads\/elementor\/thumbs\/Kensoh-icon-coordination-qnfxaa2dnj37jz3iyn9frra75yveb256rh8ur7okvk.png\" title=\"Kensoh-icon-coordination\" alt=\"Kensoh-icon-coordination\" loading=\"lazy\" \/>\t\t\t\t<div class=\"motta-image-box__summary\">\n\t\t\t\t\t<div class=\"motta-image-box__title\">Coordination Am\u00e9nagements<\/div>\t\t\t\t\t<div class=\"motta-image-box__description\">Electricit\u00e9, Sanitaires, Staff, Peinture et Menuiserie<\/div>\t\t\t\t<\/div>\n\t\t\t\t\n\t\t\t\t\n\t\t\t\t\t\t\t\t<\/div>\n\t\t\t\t<\/div>\n\t\t\t\t<\/div>\n\t\t\t\t\t<\/div>\n\t\t<\/div>\n\t\t\t\t\t<\/div>\n\t\t<\/section>\n\t\t\t\t<section class=\"elementor-section elementor-top-section elementor-element elementor-element-a51ee31 elementor-section-boxed elementor-section-height-default elementor-section-height-default motta-responsive-column motta-tablet-column--default motta-responsive-column motta-mobile-column--default\" data-id=\"a51ee31\" data-element_type=\"section\">\n\t\t\t\t\t\t<div class=\"elementor-container elementor-column-gap-default\">\n\t\t\t\t\t<div class=\"elementor-column elementor-col-50 elementor-top-column elementor-element elementor-element-f9ba651 elementor-invisible\" data-id=\"f9ba651\" data-element_type=\"column\" data-settings=\"{&quot;animation&quot;:&quot;fadeInUp&quot;,&quot;animation_delay&quot;:800}\">\n\t\t\t<div class=\"elementor-widget-wrap elementor-element-populated\">\n\t\t\t\t\t\t<div class=\"elementor-element elementor-element-c9e81fb motta-image-box__image--before elementor-widget elementor-widget-motta-image-box\" data-id=\"c9e81fb\" data-element_type=\"widget\" data-widget_type=\"motta-image-box.default\">\n\t\t\t\t<div class=\"elementor-widget-container\">\n\t\t\t\t\t<div class=\"motta-image-box\">\n\t\t\t\t\t\t\t<img decoding=\"async\" src=\"https:\/\/kensoh-store.com\/wp-content\/uploads\/elementor\/thumbs\/ico-kensoh-construction-qnfx9mkewo71hq1nrv3rjf7obc37ymjwc8xpranf74.png\" title=\"ico-kensoh-construction\" alt=\"ico-kensoh-construction\" loading=\"lazy\" \/>\t\t\t\t<div class=\"motta-image-box__summary\">\n\t\t\t\t\t<div class=\"motta-image-box__title\">Constructions cl\u00e9s en main<\/div>\t\t\t\t\t<div class=\"motta-image-box__description\">Nous avons la capacit\u00e9 de vous livrer votre duplex ou immeuble cl\u00e9s en main, avec am\u00e9nagements int\u00e9rieur et\/ou ext\u00e9rieur sur demande<\/div>\t\t\t\t<\/div>\n\t\t\t\t\n\t\t\t\t\n\t\t\t\t\t\t\t\t<\/div>\n\t\t\t\t<\/div>\n\t\t\t\t<\/div>\n\t\t\t\t\t<\/div>\n\t\t<\/div>\n\t\t\t\t<div class=\"elementor-column elementor-col-50 elementor-top-column elementor-element elementor-element-5912262 elementor-invisible\" data-id=\"5912262\" data-element_type=\"column\" data-settings=\"{&quot;animation&quot;:&quot;fadeInUp&quot;,&quot;animation_delay&quot;:900}\">\n\t\t\t<div class=\"elementor-widget-wrap elementor-element-populated\">\n\t\t\t\t\t\t<div class=\"elementor-element elementor-element-6747281 motta-image-box__image--before elementor-widget elementor-widget-motta-image-box\" data-id=\"6747281\" data-element_type=\"widget\" data-widget_type=\"motta-image-box.default\">\n\t\t\t\t<div class=\"elementor-widget-container\">\n\t\t\t\t\t<div class=\"motta-image-box\">\n\t\t\t\t\t\t\t<a href=\"#\" class=\"motta-image-box__link\"><img decoding=\"async\" src=\"https:\/\/kensoh-store.com\/wp-content\/uploads\/elementor\/thumbs\/ico-kensoh-finition-qnfx9qbro0c6s5w75wq9te9iovkoteytorjnoehui8.png\" title=\"ico-kensoh-finition\" alt=\"ico-kensoh-finition\" loading=\"lazy\" \/><\/a>\t\t\t\t<div class=\"motta-image-box__summary\">\n\t\t\t\t\t<a href=\"#\" class=\"motta-image-box__link\"><div class=\"motta-image-box__title\">Travaux de Finitions<\/div><\/a>\t\t\t\t\t<div class=\"motta-image-box__description\">Enduits, Carrelage,...etc<\/div>\t\t\t\t<\/div>\n\t\t\t\t\n\t\t\t\t\n\t\t\t\t\t\t\t\t<\/div>\n\t\t\t\t<\/div>\n\t\t\t\t<\/div>\n\t\t\t\t\t<\/div>\n\t\t<\/div>\n\t\t\t\t\t<\/div>\n\t\t<\/section>\n\t\t\t\t<section class=\"elementor-section elementor-top-section elementor-element elementor-element-d8d7105 elementor-section-content-middle elementor-section-height-min-height elementor-section-boxed elementor-section-height-default elementor-section-items-middle motta-responsive-column motta-tablet-column--default motta-responsive-column motta-mobile-column--default\" data-id=\"d8d7105\" data-element_type=\"section\" data-settings=\"{&quot;background_background&quot;:&quot;classic&quot;}\">\n\t\t\t\t\t\t\t<div class=\"elementor-background-overlay\"><\/div>\n\t\t\t\t\t\t\t<div class=\"elementor-container elementor-column-gap-default\">\n\t\t\t\t\t<div class=\"elementor-column elementor-col-100 elementor-top-column elementor-element elementor-element-a9c018f elementor-invisible\" data-id=\"a9c018f\" data-element_type=\"column\" data-settings=\"{&quot;animation&quot;:&quot;fadeInUp&quot;,&quot;animation_delay&quot;:800}\">\n\t\t\t<div class=\"elementor-widget-wrap elementor-element-populated\">\n\t\t\t\t\t\t<div class=\"elementor-element elementor-element-3a11c79 elementor-widget elementor-widget-heading\" data-id=\"3a11c79\" data-element_type=\"widget\" data-widget_type=\"heading.default\">\n\t\t\t\t<div class=\"elementor-widget-container\">\n\t\t\t<style>\/*! elementor - v3.20.0 - 26-03-2024 *\/\n.elementor-heading-title{padding:0;margin:0;line-height:1}.elementor-widget-heading .elementor-heading-title[class*=elementor-size-]>a{color:inherit;font-size:inherit;line-height:inherit}.elementor-widget-heading .elementor-heading-title.elementor-size-small{font-size:15px}.elementor-widget-heading .elementor-heading-title.elementor-size-medium{font-size:19px}.elementor-widget-heading .elementor-heading-title.elementor-size-large{font-size:29px}.elementor-widget-heading .elementor-heading-title.elementor-size-xl{font-size:39px}.elementor-widget-heading .elementor-heading-title.elementor-size-xxl{font-size:59px}<\/style><h4 class=\"elementor-heading-title elementor-size-default\">Kensoh Consulting & Construction c\u2019est ...<\/h4>\t\t<\/div>\n\t\t\t\t<\/div>\n\t\t\t\t<div class=\"elementor-element elementor-element-8767ee2 elementor-widget elementor-widget-motta-checklist\" data-id=\"8767ee2\" data-element_type=\"widget\" data-widget_type=\"motta-checklist.default\">\n\t\t\t\t<div class=\"elementor-widget-container\">\n\t\t\t<div class=\"motta-checklist__item motta-checklist__item--a037a96 \"><div class=\"motta-checklist__icon\"><span class=\"motta-svg-icon motta-svg-icon--check\" ><svg width=\"24\" height=\"24\" aria-hidden=\"true\" role=\"img\" focusable=\"false\" viewBox=\"0 0 32 32\"><path d=\"M13.82 23.22l-6.88-6.88 2.12-2.12 4.76 4.76 9.12-9.14 2.12 2.12z\"><\/path><\/svg><\/span><\/div><div class=\"motta-checklist__wrapper\"><div class=\"motta-checklist__title\">Une Equipe d'Ing\u00e9nieur qualifi\u00e9e et exp\u00e9riment\u00e9e<\/div><div class=\"motta-checklist__description\">Une \u00e9quipe d\u2019ing\u00e9nieurs dot\u00e9e de plusieurs  ann\u00e9es d\u2019exp\u00e9rience locale et occidentale dans le domaine du BTP<\/div><\/div><\/div><div class=\"motta-checklist__item motta-checklist__item--3ec9931 \"><div class=\"motta-checklist__icon\"><span class=\"motta-svg-icon motta-svg-icon--check\" ><svg width=\"24\" height=\"24\" aria-hidden=\"true\" role=\"img\" focusable=\"false\" viewBox=\"0 0 32 32\"><path d=\"M13.82 23.22l-6.88-6.88 2.12-2.12 4.76 4.76 9.12-9.14 2.12 2.12z\"><\/path><\/svg><\/span><\/div><div class=\"motta-checklist__wrapper\"><div class=\"motta-checklist__title\">Une Gestion optimale de votre budget<\/div><div class=\"motta-checklist__description\">Une Gestion optimale de votre budget avec le meilleur rapport qualit\u00e9\/prix et les meilleurs d\u00e9lais<\/div><\/div><\/div>\t\t<\/div>\n\t\t\t\t<\/div>\n\t\t\t\t\t<\/div>\n\t\t<\/div>\n\t\t\t\t\t<\/div>\n\t\t<\/section>\n\t\t\t\t<section class=\"elementor-section elementor-top-section elementor-element elementor-element-43358cb6 elementor-section-stretched elementor-section-boxed elementor-section-height-default elementor-section-height-default motta-responsive-column motta-tablet-column--default motta-responsive-column motta-mobile-column--default\" data-id=\"43358cb6\" data-element_type=\"section\" data-settings=\"{&quot;stretch_section&quot;:&quot;section-stretched&quot;}\">\n\t\t\t\t\t\t<div class=\"elementor-container elementor-column-gap-no\">\n\t\t\t\t\t<div class=\"elementor-column elementor-col-100 elementor-top-column elementor-element elementor-element-294daa13\" data-id=\"294daa13\" data-element_type=\"column\">\n\t\t\t<div class=\"elementor-widget-wrap\">\n\t\t\t\t\t\t\t<\/div>\n\t\t<\/div>\n\t\t\t\t\t<\/div>\n\t\t<\/section>\n\t\t\t\t<\/div>\n\t\t","protected":false},"excerpt":{"rendered":"<p>Bien plus que de simples services Nos domaines d&rsquo;expertises Expertise en B\u00e2timent en Travaux Publics Consulting Qualit\u00e9, Technique et Financi\u00e8re Gestion et Suivi de chantier 1- Augsburg, 2- Ulm, Stuttgart, 3- M\u00fcnchen, 4- N\u00fcrnberg, Bamberg R\u00e9alisation du gros \u0153uvre Fondation, \u00e9levation, dalles, Fosses septique, puisard, forage Charpentes (M\u00e9talliques et bois) Conception des plans 2D et [&hellip;]<\/p>\n","protected":false},"author":1,"featured_media":0,"parent":0,"menu_order":0,"comment_status":"closed","ping_status":"closed","template":"","meta":{"_joinchat":[],"footnotes":""},"_links":{"self":[{"href":"https:\/\/kensoh-store.com\/index.php\/wp-json\/wp\/v2\/pages\/21244"}],"collection":[{"href":"https:\/\/kensoh-store.com\/index.php\/wp-json\/wp\/v2\/pages"}],"about":[{"href":"https:\/\/kensoh-store.com\/index.php\/wp-json\/wp\/v2\/types\/page"}],"author":[{"embeddable":true,"href":"https:\/\/kensoh-store.com\/index.php\/wp-json\/wp\/v2\/users\/1"}],"replies":[{"embeddable":true,"href":"https:\/\/kensoh-store.com\/index.php\/wp-json\/wp\/v2\/comments?post=21244"}],"version-history":[{"count":43,"href":"https:\/\/kensoh-store.com\/index.php\/wp-json\/wp\/v2\/pages\/21244\/revisions"}],"predecessor-version":[{"id":21486,"href":"https:\/\/kensoh-store.com\/index.php\/wp-json\/wp\/v2\/pages\/21244\/revisions\/21486"}],"wp:attachment":[{"href":"https:\/\/kensoh-store.com\/index.php\/wp-json\/wp\/v2\/media?parent=21244"}],"curies":[{"name":"wp","href":"https:\/\/api.w.org\/{rel}","templated":true}]}}